 6614.
2, 3307
What are the prime factors of 440?
2, 5, 11
List the prime factors of 27224.
2, 41, 83
List the prime factors of 2184.
2, 3, 7, 13
What are the prime factors of 7276?
2, 17, 107
List the prime factors of 34480.
2, 5, 431
What are the prime factors of 7885?
5, 19, 83
What are the prime factors of 26499?
3, 11, 73
List the prime factors of 5297.
5297
What are the prime factors of 3205?
5, 641
What are the prime factors of 2733?
3, 911
What are the prime factors of 17131?
37, 463
List the prime factors of 658.
2, 7, 47
What are the prime factors of 20112?
2, 3, 419
What are the prime factors of 874?
2, 19, 23
List the prime factors of 74610.
2, 3, 5, 829
What are the prime factors of 60504?
2, 3, 2521
What are the prime factors of 18575?
5, 743
What are the prime factors of 1787?
1787
List the prime factors of 2615.
5, 523
What are the prime factors of 2074?
2, 17, 61
What are the prime factors of 76728?
2, 3, 23, 139
List the prime factors of 624.
2, 3, 13
What are the prime factors of 779?
19, 41
List the prime factors of 11482.
2, 5741
List the prime factors of 10754.
2, 19, 283
What are the prime factors of 5246?
2, 43, 61
List the prime factors of 2507.
23, 109
What are the prime factors of 25615?
5, 47, 109
List the prime factors of 168.
2, 3, 7
What are the prime factors of 6653?
6653
What are the prime factors of 28395?
3, 5, 631
List the prime factors of 798.
2, 3, 7, 19
List the prime factors of 2819.
2819
List the prime factors of 2214.
2, 3, 41
What are the prime factors of 17878?
2, 7, 1277
What are the prime factors of 260?
2, 5, 13
What are the prime factors of 31885?
5, 7, 911
What are the prime factors of 31236?
2, 3, 19, 137
List the prime factors of 137192.
2, 11, 1559
List the prime factors of 72490.
2, 5, 11, 659
List the prime factors of 20928.
2, 3, 109
List the prime factors of 3994.
2, 1997
What are the prime factors of 216?
2, 3
What are the prime factors of 57978?
2, 3, 3221
List the prime factors of 58702.
2, 7, 599
List the prime factors of 3113.
11, 283
List the prime factors of 68557.
179, 383
What are the prime factors of 2335?
5, 467
What are the prime factors of 872?
2, 109
List the prime factors of 20520.
2, 3, 5, 19
List the prime factors of 1563.
3, 521
What are the prime factors of 117375?
3, 5, 313
List the prime factors of 2364.
2, 3, 197
What are the prime factors of 7454?
2, 3727
List the prime factors of 3117.
3, 1039
What are the prime factors of 324?
2, 3
List the prime factors of 409.
409
What are the prime factors of 4006?
2, 2003
What are the prime factors of 47617?
17, 2801
What are the prime factors of 13874?
2, 7, 991
List the prime factors of 1921.
17, 113
What are the prime factors of 687?
3, 229
List the prime factors of 15578.
2, 7789
List the prime factors of 15026.
2, 11, 683
List the prime factors of 23306.
2, 43, 271
List the prime factors of 514.
2, 257
What are the prime factors of 33667?
131, 257
List the prime factors of 3786.
2, 3, 631
What are the prime factors of 4894?
2, 2447
List the prime factors of 45610.
2, 5, 4561
What are the prime factors of 4817?
4817
List the prime factors of 20469.
3, 6823
List the prime factors of 16354.
2, 13, 17, 37
What are the prime factors of 3193?
31, 103
List the prime factors of 17352.
2, 3, 241
What are the prime factors of 4559?
47, 97
What are the prime factors of 15733?
15733
What are the prime factors of 24547?
24547
List the prime factors of 7734.
2, 3, 1289
What are the prime factors of 1398?
2, 3, 233
What are the prime factors of 2539?
2539
What are the prime factors of 6722?
2, 3361
What are the prime factors of 40837?
97, 421
List the prime factors of 122.
2, 61
What are the prime factors of 50126?
2, 71, 353
What are the prime factors of 129782?
2, 64891
What are the prime factors of 1449?
3, 7, 23
List the prime factors of 18668.
2, 13, 359
List the prime factors of 1005.
3, 5, 67
List the prime factors of 3643.
3643
List the prime factors of 12225.
3, 5, 163
What are the prime factors of 13597?
13597
List the prime factors of 677.
677
List the prime factors of 40240.
2, 5, 503
List the prime factors of 919.
919
List the prime factors of 125.
5
What are the prime factors of 8066?
2, 37, 109
List the prime factors of 12132.
2, 3, 337
What are the prime factors of 395?
5, 79
List the prime factors of 188254.
2, 11, 43, 199
List the prime factors of 1892.
2, 11, 43
What are the prime factors of 17?
17
List the prime factors of 916.
2, 229
List the prime factors of 1173.
3, 17, 23
List the prime factors of 1067.
11, 97
What are the prime factors of 3063?
3, 1021
List the prime factors of 13131.
3, 1459
List the prime factors of 53216.
2, 1663
List the prime factors of 4856.
2, 607
What are the prime factors of 9651?
3, 3217
What are the prime factors of 877?
877
What are the prime factors of 16544?
2, 11, 47
What are the prime factors of 4475?
5, 179
What are the prime factors of 152815?
5, 13, 2351
List the prime factors of 322.
2, 7, 23
What are the prime factors of 3077?
17, 181
What are the prime factors of 7590?
2, 3, 5, 11, 23
What are the prime factors of 21025?
5, 29
What are the prime factors of 1668?
2, 3, 139
What are the prime factors of 202?
2, 101
List the prime factors of 1651.
13, 127
List the prime factors of 884.
2, 13, 17
What are the prime factors of 2388?
2, 3, 199
List the prime factors of 652.
2, 163
What are the prime factors of 4306?
2, 2153
What are the prime factors of 196?
2, 7
What are the prime factors of 19175?
5, 13, 59
List the prime factors of 579.
3, 193
List the prime factors of 2429.
7, 347
List the prime factors of 14685.
3, 5, 11, 89
What are the prime factors of 3112?
2, 389
List the prime factors of 16057.
16057
What are the prime factors of 439?
439
What are the prime factors of 57220?
2, 5, 2861
List the prime factors of 35249.
101, 349
What are the prime factors of 2859?
3, 953
List the prime factors of 31406.
2, 41, 383
What are the prime factors of 2188?
2, 547
What are the prime factors of 1876?
2, 7, 67
What are the prime factors of 2277?
3, 11, 23
List the prime factors of 863.
863
List the prime factors of 168233.
13, 12941
What are the prime factors of 620?
2, 5, 31
List the prime factors of 3983.
7, 569
What are the prime factors of 17825?
5, 23, 31
What are the prime factors of 51635?
5, 23, 449
What are the prime factors of 1803?
3, 601
List the prime factors of 4954.
2, 2477
What are the prime factors of 1765?
5, 353
List the prime factors of 101.
101
List the prime factors of 643.
643
What are the prime factors of 17666?
2, 11, 73
List the prime factors of 24417.
3, 2713
List the prime factors of 48601.
7, 53, 131
What are the prime factors of 16010?
2, 5, 1601
List the prime factors of 403.
13, 31
What are the prime factors of 50618?
2, 25309
List the prime factors of 1093.
1093
What are the prime factors of 560?
2, 5, 7
List the prime factors of 62384.
2, 7, 557
What are the prime factors of 8355?
3, 5, 557
List the prime factors of 107499.
3, 7, 5119
List the prime factors of 110135.
5, 22027
What are the prime factors of 1573?
11, 13
List the prime factors of 11667.
3, 3889
What are the prime factors of 3647?
7, 521
What are the prime factors of 14684?
2, 3671
What are the prime factors of 59890?
2, 5, 53, 113
List the prime factors of 4648.
2, 7, 83
List the prime factors of 15958.
2, 79, 101
List the prime factors of 841.
29
What are the prime factors of 3878?
2, 7, 277
List the prime factors of 17370.
2, 3, 5, 193
What are the prime factors of 1549?
1549
What are the prime factors of 1093?
1093
What are the prime factors of 3519?
3, 17, 23
List the prime factors of 338.
2, 13
List the prime factors of 48648.
2, 3, 2027
List the prime factors of 1503.
3, 167
List the prime factors of 18070.
2, 5, 13, 139
What are the prime factors of 1105?
5, 13, 17
List the prime factors of 585.
3, 5, 13
What are the prime factors of 609?
3, 7, 29
What are the prime factors of 48264?
2, 3, 2011
What are the prime factors of 65272?
2, 41, 199
List the prime factors of 63286.
2, 31643
List the prime factors of 12238.
2, 29, 211
What are the prime factors of 902?
2, 11, 41
What are the prime factors of 13193?
79, 167
What are the prime factors of 8270?
2, 5, 827
What are the